{"id":118,"date":"2025-11-26T15:16:51","date_gmt":"2025-11-26T15:16:51","guid":{"rendered":"http:\/\/skshooting.pl\/?page_id=118"},"modified":"2025-11-30T20:48:59","modified_gmt":"2025-11-30T20:48:59","slug":"faq","status":"publish","type":"page","link":"https:\/\/skshooting.pl\/?page_id=118","title":{"rendered":"FAQ"},"content":{"rendered":"\t\t<div data-elementor-type=\"wp-page\" data-elementor-id=\"118\" class=\"elementor elementor-118\" data-elementor-post-type=\"page\">\n\t\t\t\t<div class=\"elementor-element elementor-element-f2dbc18 e-flex e-con-boxed e-con e-parent\" data-id=\"f2dbc18\" data-element_type=\"container\" data-e-type=\"container\">\n\t\t\t\t\t<div class=\"e-con-inner\">\n\t\t\t\t<div class=\"elementor-element elementor-element-1abbc33 elementor-widget elementor-widget-text-editor\" data-id=\"1abbc33\" data-element_type=\"widget\" data-e-type=\"widget\" data-widget_type=\"text-editor.default\">\n\t\t\t\t\t\t\t\t\t<h3 data-start=\"238\" data-end=\"310\"><strong data-start=\"242\" data-end=\"308\">1. To m\u00f3j pierwszy raz z broni\u0105. Czy kto\u015b mi wszystko wyt\u0142umaczy?<\/strong><\/h3><p data-start=\"311\" data-end=\"537\"><strong data-start=\"311\" data-end=\"326\">Oczywi\u015bcie!<\/strong> Ka\u017cde strzelanie \u2014 niezale\u017cnie od poziomu do\u015bwiadczenia \u2014 odbywa si\u0119 pod sta\u0142\u0105 opiek\u0105 instruktora. Wyja\u015bni podstawy, poka\u017ce prawid\u0142owe postawy, obs\u0142ug\u0119 broni i zadba o Twoje bezpiecze\u0144stwo od pocz\u0105tku do ko\u0144ca.<\/p><hr data-start=\"539\" data-end=\"542\" \/><h3 data-start=\"544\" data-end=\"621\"><strong data-start=\"548\" data-end=\"619\">2. Czy strzelamy z prawdziwej broni? Czym r\u00f3\u017cni si\u0119 od tej policyjnej?<\/strong><\/h3><p data-start=\"622\" data-end=\"778\">Niczym. Na strzelnicy korzystamy z <strong data-start=\"658\" data-end=\"687\">pe\u0142noprawnej broni palnej<\/strong>, identycznej jak ta u\u017cywana przez policj\u0119, s\u0142u\u017cby mundurowe czy profesjonalnych strzelc\u00f3w.<\/p><hr data-start=\"780\" data-end=\"783\" \/><h3 data-start=\"785\" data-end=\"837\"><strong data-start=\"789\" data-end=\"835\">3. Czy mog\u0119 nagrywa\u0107 filmy lub robi\u0107 zdj\u0119cia?<\/strong><\/h3><p data-start=\"838\" data-end=\"908\">Tak \u2014 je\u015bli chcesz uwieczni\u0107 swoje prze\u017cycia, nie ma \u017cadnego problemu.<\/p><hr data-start=\"910\" data-end=\"913\" \/><h3 data-start=\"915\" data-end=\"952\"><strong data-start=\"919\" data-end=\"950\">4. Czy musz\u0119 robi\u0107 rezerwacj\u0119?<\/strong><\/h3><p data-start=\"953\" data-end=\"1130\">Rezerwacja nie jest obowi\u0105zkowa, ale <strong data-start=\"990\" data-end=\"1027\">osoby zapisane maj\u0105 pierwsze\u0144stwo<\/strong>.<br data-start=\"1028\" data-end=\"1031\" \/>Klienci indywidualni mog\u0105 rezerwowa\u0107 stanowisko maksymalnie <strong data-start=\"1091\" data-end=\"1129\">7 dni przed planowanym strzelaniem<\/strong>.<\/p><hr data-start=\"1132\" data-end=\"1135\" \/><h3 data-start=\"1137\" data-end=\"1185\"><strong data-start=\"1141\" data-end=\"1183\">5. Od jakiego wieku mo\u017cna u Was strzela\u0107?<\/strong><\/h3><p data-start=\"1186\" data-end=\"1308\">Strzela\u0107 mog\u0105 osoby <strong data-start=\"1206\" data-end=\"1227\">od 15. roku \u017cycia<\/strong>.<br data-start=\"1228\" data-end=\"1231\" \/>M\u0142odsze dzieci mog\u0105 wej\u015b\u0107 na strzelnic\u0119 jako widzowie \u2014 pod opiek\u0105 doros\u0142ych.<\/p><hr data-start=\"1310\" data-end=\"1313\" \/><h3 data-start=\"1315\" data-end=\"1349\"><strong data-start=\"1319\" data-end=\"1347\">6. Czy mog\u0119 zap\u0142aci\u0107 kart\u0105?<\/strong><\/h3><p data-start=\"1350\" data-end=\"1383\">Tak, akceptujemy p\u0142atno\u015bci kart\u0105.<\/p><hr data-start=\"1385\" data-end=\"1388\" \/><h3 data-start=\"1390\" data-end=\"1430\"><strong data-start=\"1394\" data-end=\"1428\">7. Jak obliczy\u0107 koszt strzelania?<\/strong><\/h3><p data-start=\"1431\" data-end=\"1462\">Cena zale\u017cy od kilku element\u00f3w:<\/p><ul data-start=\"1464\" data-end=\"1532\"><li data-start=\"1464\" data-end=\"1482\"><p data-start=\"1466\" data-end=\"1482\">wynajem broni,<\/p><\/li><li data-start=\"1483\" data-end=\"1512\"><p data-start=\"1485\" data-end=\"1512\">ilo\u015b\u0107 i kaliber amunicji,<\/p><\/li><li data-start=\"1513\" data-end=\"1532\"><p data-start=\"1515\" data-end=\"1532\">wybrane tarcze.<\/p><\/li><\/ul><p data-start=\"1534\" data-end=\"1620\">Mo\u017cesz te\u017c wybra\u0107 <strong data-start=\"1552\" data-end=\"1580\">gotowy pakiet strzelecki<\/strong>, kt\u00f3ry u\u0142atwia wycen\u0119 i oszcz\u0119dza czas.<\/p>\t\t\t\t\t\t\t\t<\/div>\n\t\t\t\t\t<\/div>\n\t\t\t\t<\/div>\n\t\t\t\t<\/div>\n\t\t","protected":false},"excerpt":{"rendered":"<p>1. To m\u00f3j pierwszy raz z broni\u0105. Czy kto\u015b mi wszystko wyt\u0142umaczy? Oczywi\u015bcie! Ka\u017cde strzelanie \u2014 niezale\u017cnie od poziomu do\u015bwiadczenia \u2014 odbywa si\u0119 pod sta\u0142\u0105 opiek\u0105 instruktora. Wyja\u015bni podstawy, poka\u017ce prawid\u0142owe postawy, obs\u0142ug\u0119 broni i zadba o Twoje bezpiecze\u0144stwo od pocz\u0105tku do ko\u0144ca. 2. Czy strzelamy z prawdziwej broni? Czym r\u00f3\u017cni si\u0119 od tej policyjnej? [&hellip;]<\/p>\n","protected":false},"author":2,"featured_media":0,"parent":0,"menu_order":0,"comment_status":"closed","ping_status":"closed","template":"","meta":{"footnotes":""},"class_list":["post-118","page","type-page","status-publish","hentry"],"_links":{"self":[{"href":"https:\/\/skshooting.pl\/index.php?rest_route=\/wp\/v2\/pages\/118","targetHints":{"allow":["GET"]}}],"collection":[{"href":"https:\/\/skshooting.pl\/index.php?rest_route=\/wp\/v2\/pages"}],"about":[{"href":"https:\/\/skshooting.pl\/index.php?rest_route=\/wp\/v2\/types\/page"}],"author":[{"embeddable":true,"href":"https:\/\/skshooting.pl\/index.php?rest_route=\/wp\/v2\/users\/2"}],"replies":[{"embeddable":true,"href":"https:\/\/skshooting.pl\/index.php?rest_route=%2Fwp%2Fv2%2Fcomments&post=118"}],"version-history":[{"count":10,"href":"https:\/\/skshooting.pl\/index.php?rest_route=\/wp\/v2\/pages\/118\/revisions"}],"predecessor-version":[{"id":399,"href":"https:\/\/skshooting.pl\/index.php?rest_route=\/wp\/v2\/pages\/118\/revisions\/399"}],"wp:attachment":[{"href":"https:\/\/skshooting.pl\/index.php?rest_route=%2Fwp%2Fv2%2Fmedia&parent=118"}],"curies":[{"name":"wp","href":"https:\/\/api.w.org\/{rel}","templated":true}]}}